 7, 13, 277, 2671
What are the prime factors of 615576969?
3, 7, 1237, 2633
List the prime factors of 102238101.
3, 7, 1622827
What are the prime factors of 52102964?
2, 41, 317701
List the prime factors of 459307917.
3, 51034213
List the prime factors of 498018391.
13, 773, 49559
What are the prime factors of 5677434453?
3, 1892478151
What are the prime factors of 209776602?
2, 3, 7, 227, 22003
List the prime factors of 1119037308.
2, 3, 17, 23, 238499
What are the prime factors of 1418466982?
2, 1093, 648887
What are the prime factors of 412574834?
2, 7, 439, 67129
What are the prime factors of 1733646947?
1733646947
What are the prime factors of 3136268336?
2, 29, 109, 62011
List the prime factors of 1114145325.
3, 5, 4951757
What are the prime factors of 24592792?
2, 7, 439157
What are the prime factors of 615220809?
3, 7, 503, 58243
What are the prime factors of 507623538?
2, 3, 2591, 32653
What are the prime factors of 5696302663?
47, 79, 1534151
List the prime factors of 1176300984.
2, 3, 2069, 23689
List the prime factors of 707442698.
2, 83, 107, 39829
What are the prime factors of 40209665?
5, 179, 44927
What are the prime factors of 14949895?
5, 109, 27431
List the prime factors of 778452467.
13, 4337, 13807
List the prime factors of 931509727.
277, 787, 4273
What are the prime factors of 41655120?
2, 3, 5, 13, 79
List the prime factors of 532269454.
2, 47, 109, 51949
What are the prime factors of 616566146?
2, 7, 44040439
List the prime factors of 2944795791.
3, 7, 140228371
List the prime factors of 574534292.
2, 1931, 74383
What are the prime factors of 32655828?
2, 3, 2721319
List the prime factors of 1572306766.
2, 786153383
List the prime factors of 4440641645.
5, 11, 211, 382649
What are the prime factors of 1768726925?
5, 7, 199, 50789
What are the prime factors of 56456794?
2, 29, 89, 10937
What are the prime factors of 7545196?
2, 23, 82013
List the prime factors of 31481473.
31481473
What are the prime factors of 1816118624?
2, 2953, 19219
What are the prime factors of 50601103?
7, 7228729
List the prime factors of 437007736.
2, 11, 179, 27743
What are the prime factors of 3124842301?
7, 17, 26259179
List the prime factors of 1821853218.
2, 3, 303642203
What are the prime factors of 114782921?
11, 10434811
List the prime factors of 49338310.
2, 5, 7, 704833
List the prime factors of 765422143.
29, 26393867
List the prime factors of 40200568.
2, 5025071
List the prime factors of 49045441.
19, 31, 83269
What are the prime factors of 38106453?
3, 7, 11, 164963
List the prime factors of 6156877051.
13, 197, 383, 6277
What are the prime factors of 40620481?
11, 3692771
What are the prime factors of 134552307?
3, 31, 173, 8363
List the prime factors of 1487743956.
2, 3, 13775407
List the prime factors of 256355146.
2, 128177573
List the prime factors of 4172400171.
3, 19, 24400001
What are the prime factors of 83206954?
2, 41603477
List the prime factors of 1373981603.
239, 5748877
What are the prime factors of 2966887842?
2, 3, 494481307
List the prime factors of 71193292.
2, 647, 27509
List the prime factors of 12128780.
2, 5, 457, 1327
List the prime factors of 104416865.
5, 7, 241, 12379
What are the prime factors of 1205000808?
2, 3, 11, 29, 157393
List the prime factors of 69536669.
79, 880211
List the prime factors of 226276643.
19, 1049, 11353
List the prime factors of 7710502226.
2, 7, 79, 761, 9161
What are the prime factors of 470297708?
2, 43, 2734289
List the prime factors of 275269652.
2, 7, 1404437
What are the prime factors of 433417836?
2, 3, 36118153
What are the prime factors of 6273553123?
6273553123
What are the prime factors of 1332739317?
3, 7, 13, 41, 119069
What are the prime factors of 1502043507?
3, 6181249
List the prime factors of 73393862.
2, 17, 43, 2953
List the prime factors of 4017675292.
2, 1004418823
What are the prime factors of 730954937?
730954937
What are the prime factors of 2064798803?
23, 31, 307, 9433
List the prime factors of 1709201222.
2, 67, 12755233
List the prime factors of 96675992.
2, 7, 23, 47, 1597
List the prime factors of 333162368.
2, 7, 11, 439
What are the prime factors of 395769750?
2, 3, 5, 293, 1801
What are the prime factors of 26006111?
26006111
What are the prime factors of 13690981?
67, 127, 1609
What are the prime factors of 397995056?
2, 24874691
List the prime factors of 12351121.
19, 650059
List the prime factors of 564445034.
2, 227, 1243271
What are the prime factors of 15549888?
2, 3, 80989
What are the prime factors of 67928072?
2, 1217, 6977
List the prime factors of 796862620.
2, 5, 947, 42073
List the prime factors of 396718878.
2, 3, 66119813
What are the prime factors of 34586332?
2, 11, 786053
What are the prime factors of 7311519262?
2, 139, 1867, 14087
What are the prime factors of 50101816?
2, 6262727
What are the prime factors of 1219798823?
107, 11399989
List the prime factors of 279789580.
2, 5, 7, 1998497
What are the prime factors of 84645483?
3, 13, 251, 8647
What are the prime factors of 2680518729?
3, 7, 3797, 33617
What are the prime factors of 5805092815?
5, 1161018563
List the prime factors of 63621541.
263, 241907
List the prime factors of 2340809232.
2, 3, 43, 1134113
List the prime factors of 499121618.
2, 41, 181, 33629
What are the prime factors of 29984477?
29984477
List the prime factors of 1526450036.
2, 89, 4287781
What are the prime factors of 375978947?
523, 571, 1259
What are the prime factors of 14599112?
2, 11, 23, 7213
What are the prime factors of 2132240115?
3, 5, 5987, 23743
What are the prime factors of 195455499?
3, 65151833
What are the prime factors of 383410888?
2, 7, 19961
What are the prime factors of 15874958?
2, 11, 65599
List the prime factors of 848773735.
5, 109, 1237, 1259
What are the prime factors of 107408952?
2, 3, 7, 53, 4021
List the prime factors of 781885330.
2, 5, 78188533
What are the prime factors of 4432380938?
2, 29, 76420361
List the prime factors of 3482407852.
2, 7, 11, 193, 8369
List the prime factors of 11939269.
47, 254027
List the prime factors of 1765826128.
2, 11, 607, 16529
List the prime factors of 861933905.
5, 7, 2381, 10343
What are the prime factors of 765993558?
2, 3, 11, 233, 49811
List the prime factors of 2066223944.
2, 258277993
List the prime factors of 898864017.
3, 299621339
What are the prime factors of 121346391?
3, 17, 2379341
List the prime factors of 223035631.
7, 13, 17, 144173
List the prime factors of 277587677.
251, 389, 2843
What are the prime factors of 1673302242?
2, 3, 278883707
What are the prime factors of 2038763769?
3, 7, 23, 103, 107, 383
List the prime factors of 56026375.
5, 523, 857
What are the prime factors of 177282613?
17, 10428389
List the prime factors of 3574782971.
383, 9333637
List the prime factors of 17616771.
3, 72497
List the prime factors of 2442645505.
5, 1021, 478481
What are the prime factors of 1798541?
607, 2963
What are the prime factors of 6361621922?
2, 89, 35739449
List the prime factors of 695159953.
571, 1217443
List the prime factors of 76267133.
3691, 20663
What are the prime factors of 788255776?
2, 7, 11, 233, 1373
What are the prime factors of 932727?
3, 29, 71, 151
What are the prime factors of 439746064?
2, 2531, 10859
List the prime factors of 276540488.
2, 7, 181, 27283
What are the prime factors of 147277297?
239, 616223
List the prime factors of 64626502.
2, 107, 301993
List the prime factors of 60876229.
60876229
What are the prime factors of 105786310?
2, 5, 7, 1511233
List the prime factors of 145876156.
2, 47, 775937
What are the prime factors of 291738495?
3, 5, 19449233
List the prime factors of 399742258.
2, 199871129
What are the prime factors of 1853464?
2, 191, 1213
What are the prime factors of 96214620?
2, 3, 5, 101, 15877
List the prime factors of 53237931.
3, 17, 37, 89, 317
List the prime factors of 5857995.
3, 5, 11, 13, 2731
What are the prime factors of 5877480035?
5, 7, 167928001
What are the prime factors of 727529467?
7, 17, 29, 12401
List the prime factors of 114456206.
2, 17, 3366359
List the prime factors of 1750294507.
13, 29, 149, 31159
What are the prime factors of 29849985?
3, 5, 11, 20101
List the prime factors of 839110880.
2, 5, 113, 46411
List the prime factors of 105946382.
2,